{"id":370,"date":"2023-03-11T18:33:02","date_gmt":"2023-03-11T17:33:02","guid":{"rendered":"https:\/\/www.adamek-edu.sk\/?page_id=370"},"modified":"2023-03-13T19:26:36","modified_gmt":"2023-03-13T18:26:36","slug":"7-dovodov-preco-nie-je-rozvod-lepsi-nez-navsteva-odbornika","status":"publish","type":"page","link":"https:\/\/www.adamek-edu.sk\/?page_id=370","title":{"rendered":"7 d\u00f4vodov pre\u010do nie je rozvod lep\u0161\u00ed ne\u017e n\u00e1v\u0161teva odborn\u00edka"},"content":{"rendered":"<p><em>Ak zva\u017eujete rozvod tieto veci rozhodne bud\u00fa st\u00e1\u0165 za zv\u00e1\u017eenie. Pre\u010do je lep\u0161ie z\u00e1js\u0165 si po odborn\u00fa radu ne\u017e sa rozvies\u0165 bez toho, aby ste si mohli poveda\u0165, \u017ee ste naozaj urobili v\u0161etko?<\/em><\/p>\n<p><strong>1.\u00a0Rozvodom trpia deti<\/strong><\/p>\n<p>Predrozvodov\u00e9 \u0161t\u00e1dia man\u017eelstva zna\u010dne negat\u00edvne ovplyv\u0148uj\u00fa\u00a0psychick\u00fd v\u00fdvin det\u00ed. Nap\u00e4tie v dom\u00e1cnosti, nevra\u017eivos\u0165 a navz\u00e1jom si\u00a0ubli\u017euj\u00faci rodi\u010dia vytv\u00e1raj\u00fa disharmonick\u00fa rodinu a atmosf\u00e9ru doma. M\u00f4\u017eete po sebe kri\u010da\u0165 cel\u00e9 dni pred de\u0165mi, alebo to pred nimi m\u00f4\u017eete taji\u0165 ako len chcete, deti nie s\u00fa slep\u00e9, ani hluch\u00e9 ani sprost\u00e9. Deti va\u0161e vz\u00e1jomn\u00e9 spr\u00e1vanie vidia \u010di chcete alebo nie. Taktie\u017e deti si nezriedka vy\u010d\u00edtaj\u00fa, ke\u010f sa ich rodi\u010dia h\u00e1daj\u00fa alebo sa dokonca chc\u00fa rozvies\u0165. Tieto v\u00fd\u010ditky v mnoh\u00fdch pr\u00edpadoch prejdu a\u017e do depresi\u00ed a pritom die\u0165a za h\u00e1dky rodi\u010dov nem\u00f4\u017ee. S\u00fa to rodi\u010dia, ktor\u00ed nie s\u00fa schopn\u00ed n\u00e1js\u0165 kompromis alebo sa spolo\u010dne vysporiada\u0165 s dan\u00fdm probl\u00e9mom.<\/p>\n<div>\n<div id=\"article_body_top_position-original-5919-fallback-video\"><strong>2. Z\u00e1js\u0165 za odborn\u00edkom je dobr\u00fd pr\u00edklad pre deti.<\/strong><\/div>\n<\/div>\n<p>Ak sa pred de\u0165mi prestanete hra\u0165 na to, \u017ee je v\u0161etko OK, a uk\u00e1\u017eete im, \u010do by mali robi\u0165 deti, ke\u010f maj\u00fa robi\u0165, ak maj\u00fa probl\u00e9m, ktor\u00fd nevedia sami vyrie\u0161i\u0165, d\u00e1te im ve\u013emi u\u017eito\u010dn\u00fa lekciu v \u017eivote. Nau\u010dil som sa u\u010di\u0165 sa po\u017eiada\u0165 o pomoc pr\u00e1ve t\u00fdch \u013eud\u00ed, ktor\u00ed mi s mojim probl\u00e9mom pom\u00f4c\u0165 vedeli. Napr\u00edklad ak som mal probl\u00e9m s elektrikou, vyh\u013eadal som pomoc kvalitn\u00e9ho elektrik\u00e1ra, ak zo zdrav\u00edm, tak kvalitn\u00e9ho lek\u00e1ra \u010di farmaceuta at\u010f. Ak si viete prizna\u0165, \u017ee nerozumiete elektrike ako odborn\u00edk, zdraviu ako odborn\u00edk pre\u010do si neprizna\u0165, \u017ee nerozumiete mo\u017eno ani tomu svojmu man\u017eelstvu ako odborn\u00edk (obzvl\u00e1\u0161\u0165 ke\u010f je zjavn\u00e9, \u017ee nie\u010do v man\u017eelstve evidentne nie je v poriadku a dlhodobo sa to zhor\u0161uje). Bu\u010fte dobr\u00fdm vzorom, a uk\u00e1\u017ete de\u0165om, \u017ee s\u00fa tu pre n\u00e1s \u013eudia, ktor\u00ed n\u00e1m dok\u00e1\u017eu pom\u00f4c\u0165 s probl\u00e9mami, s ktor\u00fdmi si nevieme poradi\u0165 sami.<\/p>\n<div class=\"article-ad-position ad-position-article-body article-body-1-resp\">\n<div id=\"article_body_1_resp-responsive_1-26543\" class=\"js-advm-provider-dfp\" data-cy=\"acd\/slot\/blog-article_body_1_resp-m\"><\/div>\n<\/div>\n<p><strong>3. Rozvod &#8211; \u00fatek z boja je negat\u00edvny vzor pre deti<\/strong><\/p>\n<p>Uzavret\u00edm man\u017eelstva ste si dali z\u00e1v\u00e4zok milova\u0165 sa v dobrom aj v zlom a\u017e do smrti. Rozvod je jasn\u00e9 posolstvo pre deti &#8211; z\u00e1v\u00e4zky plni\u0165 netreba, ak sa mi nep\u00e1\u010di jednoducho zmiznem. Vzda\u0165 sa bez boja alebo \u00fatek od zodpovednosti, ktor\u00fa sme si\u00a0<strong>dobrovo\u013ene<\/strong>\u00a0zavesili na plecia je nie len prejavom zbabelosti, ale aj n\u00e1m tak prirodzenej \u013eudskej slabosti a neschopnosti. Jedin\u00fd sp\u00f4sob ako vyhra\u0165 vojnu je uzmieri\u0165 sa sk\u00f4r ne\u017e bude preliata krv. Nebu\u010fte zbabel\u00ed a nau\u010dte va\u0161e deti, \u017ee rodina je hodnota, o ktor\u00fa stoj\u00ed za to bojova\u0165 a ak si s t\u00fdm neviete rady sami n\u00e1jdite toho, kto v\u00e1m vie pom\u00f4c\u0165.<\/p>\n<div class=\"article-ad-position ad-position-article-body article-body-2-resp\">\n<div id=\"article_body_2_resp-responsive_1-26545\" class=\"js-advm-provider-dfp\" data-cy=\"acd\/slot\/blog-article_body_2_resp-m\"><\/div>\n<\/div>\n<div class=\"article-ad-position ad-position-article-body article-body-1\"><\/div>\n<p><strong>4. Rozvod je podstatne drah\u0161\u00ed ne\u017e n\u00e1v\u0161teva odborn\u00edka<\/strong><\/p>\n<p>Uvediem jeden jednoduch\u0161\u00ed matematick\u00fd pr\u00edklad:<\/p>\n<p>M (650\u20ac \u010dist\u00fd pr\u00edjem) a \u017d (650\u20ac \u010dist\u00fd pr\u00edjem)\u00a0spolu maj\u00fa byt so zariaden\u00edm v hodnote 60 000 \u20ac a 2 deti v\u00fddavky spojen\u00e9 s bytom 200\u20ac\/mes<\/p>\n<p>Pr\u00edpad ideme k odborn\u00edkovi:<br \/>\n1300\u20acmesa\u010dne &#8211; 200\u20ac byt &#8211; 4&#215;200\u20ac strava, \u0161atstvo, hobby = +300\u20ac mesa\u010dne \u0161etrenie na nie\u010do (elektrospotrebi\u010d, auto, \u0161tartovn\u00e9 pre deti po \u0161kole&#8230;) majetok 60 000\u20ac + auto (aut\u00e1) + nov\u00e9 veci.<br \/>\n300\u20ac\/mes x 5 rokov = 18 000\u20ac (ak ich pravidelne viete dobre investova\u0165 aj 20 000\u20ac)<br \/>\nN\u00e1v\u0161teva odborn\u00edka (5 seden\u00ed) bude st\u00e1\u0165 100 a\u017e 150\u20ac. Ak je odborn\u00edk dobr\u00fd, do 5 seden\u00ed ste z najhor\u0161ieho von a niekto m\u00e1 po 5 sedeniach tak\u00e9 dobr\u00e9 man\u017eelstvo ako nikdy predt\u00fdm.<\/p>\n<div class=\"article-ad-position ad-position-article-body article-body-3-resp\">\n<div id=\"article_body_3_resp-responsive_1-26546\" class=\"js-advm-provider-dfp\" data-cy=\"acd\/slot\/blog-article_body_3_resp-m\"><\/div>\n<\/div>\n<p>Pr\u00edpad rozvod:<br \/>\npoplatky &#8211; s\u00fad, pr\u00e1vnik &#8211; 500\u20ac<br \/>\nMajetok<br \/>\nM\u00a0byt ost\u00e1va ale mus\u00ed zobra\u0165 hypot\u00e9ku na vyplatenie z bytu 30 000 \u20ac<br \/>\n\u017d m\u00e1 30 000 od M, ale mus\u00ed zobra\u0165 hypot\u00e9ku na 30 000\u20ac aby zabezpe\u010dila nov\u00fd byt pre nich.<br \/>\n=&gt;M \u00faver 30 000 aj \u017d =uver 30 000 (+ splatky 8 000 pre oboch)<br \/>\n\u017d 650 \u20ac &#8211; 200\u20ac byt &#8211; 2x 100\u20ac (na ka\u017ed\u00e9 die\u0165a) &#8211; 200 \u20ac pre seba &#8211; 100\u20ac (spl\u00e1tka hypot\u00e9ky) = -50\u20ac\/mes.<br \/>\nM 650 \u20ac &#8211; 200\u20ac byt\u00a0&#8211; 2x 100\u20ac (alimenty) &#8211; 200 \u20ac pre seba\u00a0&#8211; 100\u20ac (spl\u00e1tka hypot\u00e9ky) = -50\u20ac\/mes,<br \/>\nKe\u010f\u017ee ste v m\u00ednuse tak po 5 rokoch:<br \/>\nM\u00a0\u00faver -32\u00a0000 + 5 rokov x &#8211; 50\u20ac= -35 000\u20ac<br \/>\n\u017d\u00a0\u00faver -32\u00a0000 + 5 rokov x &#8211; 50\u20ac= -35 000\u20ac<\/p>\n<div class=\"article-ad-position ad-position-article-body article-body-2\"><\/div>\n<p>Suma sum\u00e1rum o 5 rokov nesk\u00f4r:<\/p>\n<p>1. varianta = M\u017d + \u00faroky &#8211; O= 20 000 &#8211; 150\u20ac = + 19 850\u20ac + va\u0161e deti \u017eij\u00fa \u0161\u0165astne v harmonickej rodine (aj keby ste boli na 50tich sedeniach (v pr\u00edpade, \u017ee prv\u00fdch 9\u00a0odborn\u00edkov nebolo dos\u0165 odborn\u00fdch) st\u00e1le budete v pluse 18 500\u20ac)<br \/>\n2. varianta = M + \u017d + \u00faroky &#8211; S\u00fad = -35 000 &#8211; 35 000 &#8211; 500 \u20ac = &#8211; 70 500\u20ac\u00a0+ 1 byt navy\u0161e, ktor\u00fd nedok\u00e1\u017eete spl\u00e1ca\u0165 +\u00a0va\u0161e deti \u017eij\u00fa bez rodi\u010da a nen\u00e1vidia v\u00e1s alebo seba.<\/p>\n<p>Rozvodom by teda p\u00e1r M a \u017d pri\u0161li okrem rodiny aj pribli\u017ene o 90 000\u20ac v priebehu piatich rokov. (Re\u00e1lnej\u0161ie ne\u017e, \u017ee si jeden z nich n\u00e1jde partnera miluj\u00faceho, zrel\u00e9ho a kr\u00e1sneho milion\u00e1ra je, \u017ee si n\u00e1jde partnera, ktor\u00fd nebude o ni\u010d lep\u0161\u00ed, zrel\u0161\u00ed, kraj\u0161\u00ed,\u00a0ani bohat\u0161\u00ed ne\u017e ten s ktor\u00fdm sa rozviedli)<\/p>\n<p>(Iste je mo\u017enos\u0165 pri 2.\u00a0variante jes\u0165 menej, nekupova\u0165 si nov\u00fd odev a tak u\u0161etri\u0165 = menej pohodlia a spokojnosti,\u00a0viac hladu.<br \/>\nTaktie\u017e je mo\u017en\u00e9 n\u00e1js\u0165 si druh\u00fa pr\u00e1cu,\u00a0aby M a \u017d zarobili viac, samozrejme = menej pohodlia kv\u00f4li v\u00e4\u010d\u0161iemu psychick\u00e9mu aj fyzick\u00e9mu vy\u0165a\u017eeniu, pri 2 pr\u00e1cach a sp\u00e1nku u\u017e nie je \u010das na seba ani na deti tak\u017ee deti sa prakticky musia vychov\u00e1va\u0165 sam\u00e9 a tr\u00e1vi\u0165 sam\u00e9 \u010das alebo kto vie s k\u00fdm, ke\u010f\u017ee pri druhej pr\u00e1ci na to nie je \u010das at\u010f&#8230;<em><strong>\u00a0<\/strong><\/em><strong>V\u017dDY TO BUDE NA \u00daKOR SEBA A VA\u0160ICH DET\u00cd!!!\u00a0<\/strong>Ak ste sebec tak len na \u00fakor va\u0161ich det\u00ed.)<\/p>\n<div class=\"article-ad-position ad-position-article-body article-body-3\"><\/div>\n<p>\u010ciste \u0161tatisticky druh\u00fd partner neb\u00fdva lep\u0161\u00ed ne\u017e ten prv\u00fd, iba \u013eudia po prvom v\u00e1\u017enom vz\u0165ahu maj\u00fa omnoho ni\u017e\u0161ie o\u010dak\u00e1vania a n\u00e1roky na\u00a0toho druh\u00e9ho a omnoho menej sa s\u0165a\u017euj\u00fa na partnera (\u010do je \u010dastou pr\u00ed\u010dinou h\u00e1dok a preh\u013abuj\u00facej sa disharm\u00f3nie)<\/p>\n<p><strong>5. Odborn\u00edk pom\u00f4\u017ee dozrie\u0165 v\u00e1m aj v\u00e1\u0161mu man\u017eelstvu, rozvod nikdy.<\/strong><\/p>\n<p>Vo vz\u0165ahu k v\u00e1m samotn\u00fdm a v\u00e1\u0161mu osobnostn\u00e9mu rozvoju je pr\u00e1ve toto ten najd\u00f4le\u017eitej\u0161\u00ed bod. Ak sa div\u00edte pre\u010do sa h\u00e1date u\u017e 5 rokov o tom istom, je to preto, \u017ee ste to nevyrie\u0161ili a neviete ako to vyrie\u0161i\u0165. Je to preto, \u017ee sa ani jeden z v\u00e1s nezmenil v tej veci za 5 rokov. a k\u00fdm k zmene ned\u00f4jde budete sa h\u00e1da\u0165 o tom istom aj o 10 rokov. Dobr\u00fd odborn\u00edk v\u00e1s m\u00f4\u017ee nasmerova\u0165 ako z tohto bludn\u00e9ho kruhu von a ako si viac porozumie\u0165. \u010c\u00edm viac budete rozumie\u0165 tomu druh\u00e9mu, t\u00fdm lep\u0161\u00ed v\u00e1\u0161 vz\u0165ah bude.<\/p>\n<p><strong>6. Ak v\u00e1\u0161 s\u00fa\u010dasn\u00fd stav je zl\u00fd potrebujte zmeni\u0165 seba, nie vymeni\u0165 partnera<\/strong><\/p>\n<p>Moje vlastn\u00e9 pozorovanie nezadan\u00fdch \u017eien v posledn\u00fdch 10 rokoch \u017eivota uk\u00e1zalo, \u017ee sa \u017een\u00e1m nikdy neosved\u010dilo vymeni\u0165 partnera a z\u00e1rove\u0148 nezmeni\u0165 seba. Tie ist\u00e9 diev\u010dat\u00e1, \u017eeny, ktor\u00e9 vraveli, \u017ee ich prv\u00fd frajer bol gr\u00e1zel, to ist\u00e9 povedali o druhom aj o tre\u0165om. A povedia to ist\u00e9 aj o piatich bud\u00facich, k\u00fdm nezmenia seba. Potom sa s\u0165a\u017euj\u00fa, &#8220;pre\u010do som tak\u00fd magnet na gr\u00e1zlov?&#8221; Aby som to objasnil jednoducho a n\u00e1zorne:<\/p>\n<p>na \u0161k\u00e1le od 1 do 10 kde 1 je absol\u00fatne submis\u00edvny a 10 absol\u00fatne dominantn\u00fd si \u0161tandardne \u017eena 3 n\u00e1jde mu\u017ea 6-7. \u010c\u00edm dlh\u0161ie mu\u017e 6-7 ost\u00e1va vo vz\u0165ahu so \u017eenou 3 t\u00fdm viac narast\u00e1 jeho ego a jeho dominancia (zrel\u00fdch mu\u017eov 6-7, ktor\u00ed urobia zo seba 5 a pom\u00f4\u017eu \u017eene k \u010d\u00edslu 5 je asi menej ne\u017e 0,1% popul\u00e1cie 5 a 5 je ide\u00e1lny stav rovnosti a jednoty medzi mu\u017eom a \u017eenou). Z mu\u017ea 6-7 pri \u017eene 3 sa v dlhodobom vz\u0165ahu teda stane mu\u017e 9-10 (teda absol\u00fatne dominantn\u00fd) a \u017eena ostane st\u00e1le 3. Len\u017ee \u017eena 3 nechce by\u0165 e\u0161te viac submis\u00edvna a prejs\u0165 k 1 a tak svojim pristupom, \u017ee ne\u0161la z 3 na 5 miesto toho ostala na 3 sp\u00f4sobila, \u017ee jej partner je omnoho dominantnej\u0161\u00ed ne\u017e bol predt\u00fdm. Jedn\u00e9ho d\u0148a to \u017eena 3 neznesie a vzoprie sa a roz\u00edde sa. A potom \u017eena 3 op\u00e4\u0165 h\u013ead\u00e1 partnera. Submis\u00edvna \u017eena spravidla neh\u013ead\u00e1 submis\u00edvneho partnera a tak znova n\u00e1jde mu\u017ea 6-7 a cel\u00fd cyklus sa opakuje znova. Je prirodzen\u00e9, \u017ee to \u017eenine ego podkope e\u0161te viac a klesne na 2. \u017dena sa teda st\u00e1va obe\u0165ou svojej vlastnej submisivity a pasivity a ne\u00faspe\u0161n\u00e9 vz\u0165ahy jej v jej vlastnom osobnostnom raste br\u00e1nia e\u0161te omnoho viac ako predt\u00fdm. Preto jedin\u00e1\u00a0cesta von je zmena a k tejto zmene m\u00f4\u017ee \u017eena:<\/p>\n<p>a) po dlh\u00fdch rokoch bolest\u00ed a \u00fatrap, nepr\u00edjemn\u00fdch vz\u0165ahov a rozchodov d\u00f4js\u0165 sama<\/p>\n<p>b) po\u010d\u00favnu\u0165 radu odborn\u00edka, ktor\u00fd jej v tom m\u00f4\u017ee pom\u00f4c\u0165 a m\u00f4\u017ee si tieto nepr\u00edjemn\u00e9 vz\u0165ahy a roky pocitov bezn\u00e1deje na \u0161\u0165astn\u00fd zajtraj\u0161ok u\u0161etri\u0165.\u00a0<strong>(Ale mnoho \u013eud\u00ed sa potrebuje u\u010di\u0165 na vlastn\u00fdch chyb\u00e1ch)<\/strong><\/p>\n<p>Ak \u017eena nedozrie a nezmen\u00ed sa na \u017eenu 5 (vyv\u00e1\u017een\u00fd stred medzi submisivitou a dominanciou)\u00a0jej vz\u0165ahy bud\u00fa st\u00e1le o tom istom a jej partneri st\u00e1le tak\u00ed ist\u00ed.\u00a0<em>(Tento bol som s\u00edce venoval submis\u00edvnym \u017een\u00e1m, ale rovnako to plat\u00ed aj obr\u00e1tene, a taktie\u017e probl\u00e9m submisivity a dominancie vo vz\u0165ahu nie je jedin\u00fdm probl\u00e9mom, ktor\u00fd je na sebe vo vz\u0165ahu meni\u0165, ale je ich mnoho).<\/em><\/p>\n<p><strong>7. L\u00e1ska buduje charakter, osobnos\u0165, pom\u00e1ha dozrieva\u0165.<\/strong><\/p>\n<p>Ob\u010das do \u017eivota man\u017eelov pr\u00eddu \u0165a\u017ek\u00e9 chv\u00edle a ob\u010das s\u00fa \u0165a\u017e\u0161ie ne\u017e dok\u00e1\u017eu sami vyrie\u0161i\u0165, U\u017e z hore uveden\u00fdch pr\u00ed\u010din je zjavn\u00e9, \u017ee je omnoho lep\u0161ie a v\u00fdhodnej\u0161ie investova\u0165 do vz\u0165ahu a osobnostn\u00e9ho rastu, ne\u017e likvid\u00e1cie vlastnej rodiny. \u017ditie v harmonickom man\u017eelstve n\u00e1m denne prin\u00e1\u0161a mo\u017enos\u0165 sta\u0165 sa lep\u0161\u00edmi. Iste, d\u00e1 sa aj bez partnera dozrieva\u0165, no s partnerom je to \u013eah\u0161ie, preto\u017ee on n\u00e1s na tie na\u0161e nedostatky m\u00f4\u017ee upozorni\u0165 a my m\u00e1me omnoho menej pr\u00e1ce s t\u00fdm, \u010do by sme mali na sebe e\u0161te zmeni\u0165, aby sme\u00a0boli vo svojom spr\u00e1van\u00ed zrel\u0161\u00ed a rozumnej\u0161\u00ed.<\/p>\n<p>P.S. Nie ka\u017ed\u00fd, kto sa man\u017eelsk\u00e9mu poradenstvu venuje, je na to z\u00e1rove\u0148 aj odborn\u00edkom. Ke\u010f som sa stretol s n\u00e1zorom nemenovan\u00e9ho uzn\u00e1van\u00e9ho &#8220;odborn\u00edka&#8221; v d\u00f4chodkovom veku, ktor\u00fd sa cel\u00fd \u017eivot venoval sexuol\u00f3gi\u00ed a partnersk\u00e9mu poradenstvu, oh\u013eadom pornografie,\u00a0erotick\u00fdch sal\u00f3nov a tie\u017e in\u00fdch vec\u00ed, bolo mi jasn\u00e9 \u017ee tento ,,odborn\u00edk&#8221;, nie je tak celkom odborn\u00edk na man\u017eelstvo a tie\u017e\u00a0nepochybujem o tom, \u017ee nie je jedin\u00fd. Preto si rad\u0161ej vyberte odborn\u00edka, ktor\u00fd ma rozum a srdce na spr\u00e1vnom mieste a ak ten ktor\u00e9ho ste si vybrali ich na spr\u00e1vnom mieste nem\u00e1, sk\u00faste in\u00e9ho.<\/p>\n<p>P.P.S. Ospravedl\u0148ujem sa za dlh\u00fd \u010dl\u00e1nok, ale ver\u00edm, \u017ee splnil \u00fa\u010del a \u017ee prv ne\u017e by ste za\u010dali zva\u017eova\u0165 rozvod, za\u010dnete zva\u017eova\u0165 pomoc odborn\u00edka.<\/p>\n<p>P.P.P.S Ak ste pomoc man\u017eelsk\u00e9ho a rodinn\u00e9ho\u00a0poradcu za\u017eili a nepomohol, sk\u00faste zv\u00e1\u017ei\u0165 bod &#8220;P.S.&#8221;<\/p>\n","protected":false},"excerpt":{"rendered":"<p>Ak zva\u017eujete rozvod tieto veci rozhodne bud\u00fa st\u00e1\u0165 za zv\u00e1\u017eenie. Pre\u010do je lep\u0161ie z\u00e1js\u0165 si po odborn\u00fa radu ne\u017e sa rozvies\u0165 bez toho, aby ste si mohli poveda\u0165, \u017ee ste naozaj urobili v\u0161etko? 1.\u00a0Rozvodom trpia deti Predrozvodov\u00e9 \u0161t\u00e1dia man\u017eelstva zna\u010dne negat\u00edvne ovplyv\u0148uj\u00fa\u00a0psychick\u00fd v\u00fdvin det\u00ed. Nap\u00e4tie v dom\u00e1cnosti, nevra\u017eivos\u0165 a navz\u00e1jom si\u00a0ubli\u017euj\u00faci rodi\u010dia vytv\u00e1raj\u00fa disharmonick\u00fa rodinu a atmosf\u00e9ru doma. M\u00f4\u017eete po sebe kri\u010da\u0165 cel\u00e9 dni pred de\u0165mi, alebo to pred nimi&hellip;<\/p>\n","protected":false},"author":2,"featured_media":0,"parent":0,"menu_order":0,"comment_status":"closed","ping_status":"closed","template":"","meta":{"_glsr_average":0,"_glsr_ranking":0,"_glsr_reviews":0,"footnotes":""},"class_list":["post-370","page","type-page","status-publish","hentry"],"yoast_head":"<!-- This site is optimized with the Yoast SEO plugin v26.7 - https:\/\/yoast.com\/wordpress\/plugins\/seo\/ -->\n<title>7 d\u00f4vodov pre\u010do nie je rozvod lep\u0161\u00ed ne\u017e n\u00e1v\u0161teva odborn\u00edka - Mgr. Ivan Ad\u00e1mek<\/title>\n<meta name=\"robots\" content=\"index, follow, max-snippet:-1, max-image-preview:large, max-video-preview:-1\" \/>\n<link rel=\"canonical\" href=\"https:\/\/www.adamek-edu.sk\/?page_id=370\" \/>\n<meta property=\"og:locale\" content=\"sk_SK\" \/>\n<meta property=\"og:type\" content=\"article\" \/>\n<meta property=\"og:title\" content=\"7 d\u00f4vodov pre\u010do nie je rozvod lep\u0161\u00ed ne\u017e n\u00e1v\u0161teva odborn\u00edka - Mgr. Ivan Ad\u00e1mek\" \/>\n<meta property=\"og:description\" content=\"Ak zva\u017eujete rozvod tieto veci rozhodne bud\u00fa st\u00e1\u0165 za zv\u00e1\u017eenie. Pre\u010do je lep\u0161ie z\u00e1js\u0165 si po odborn\u00fa radu ne\u017e sa rozvies\u0165 bez toho, aby ste si mohli poveda\u0165, \u017ee ste naozaj urobili v\u0161etko? 1.\u00a0Rozvodom trpia deti Predrozvodov\u00e9 \u0161t\u00e1dia man\u017eelstva zna\u010dne negat\u00edvne ovplyv\u0148uj\u00fa\u00a0psychick\u00fd v\u00fdvin det\u00ed. Nap\u00e4tie v dom\u00e1cnosti, nevra\u017eivos\u0165 a navz\u00e1jom si\u00a0ubli\u017euj\u00faci rodi\u010dia vytv\u00e1raj\u00fa disharmonick\u00fa rodinu a atmosf\u00e9ru doma. M\u00f4\u017eete po sebe kri\u010da\u0165 cel\u00e9 dni pred de\u0165mi, alebo to pred nimi&hellip;\" \/>\n<meta property=\"og:url\" content=\"https:\/\/www.adamek-edu.sk\/?page_id=370\" \/>\n<meta property=\"og:site_name\" content=\"Mgr. Ivan Ad\u00e1mek\" \/>\n<meta property=\"article:publisher\" content=\"https:\/\/www.facebook.com\/Man%c5%beelsk%c3%bd-poradca-Mgr-Ivan-Ad%c3%a1mek-245208902698654\" \/>\n<meta property=\"article:modified_time\" content=\"2023-03-13T18:26:36+00:00\" \/>\n<meta name=\"twitter:card\" content=\"summary_large_image\" \/>\n<meta name=\"twitter:label1\" content=\"Predpokladan\u00fd \u010das \u010d\u00edtania\" \/>\n\t<meta name=\"twitter:data1\" content=\"10 min\u00fat\" \/>\n<script type=\"application\/ld+json\" class=\"yoast-schema-graph\">{\"@context\":\"https:\/\/schema.org\",\"@graph\":[{\"@type\":\"WebPage\",\"@id\":\"https:\/\/www.adamek-edu.sk\/?page_id=370\",\"url\":\"https:\/\/www.adamek-edu.sk\/?page_id=370\",\"name\":\"7 d\u00f4vodov pre\u010do nie je rozvod lep\u0161\u00ed ne\u017e n\u00e1v\u0161teva odborn\u00edka - Mgr. Ivan Ad\u00e1mek\",\"isPartOf\":{\"@id\":\"https:\/\/www.adamek-edu.sk\/#website\"},\"datePublished\":\"2023-03-11T17:33:02+00:00\",\"dateModified\":\"2023-03-13T18:26:36+00:00\",\"breadcrumb\":{\"@id\":\"https:\/\/www.adamek-edu.sk\/?page_id=370#breadcrumb\"},\"inLanguage\":\"sk-SK\",\"potentialAction\":[{\"@type\":\"ReadAction\",\"target\":[\"https:\/\/www.adamek-edu.sk\/?page_id=370\"]}]},{\"@type\":\"BreadcrumbList\",\"@id\":\"https:\/\/www.adamek-edu.sk\/?page_id=370#breadcrumb\",\"itemListElement\":[{\"@type\":\"ListItem\",\"position\":1,\"name\":\"Home\",\"item\":\"https:\/\/www.adamek-edu.sk\/\"},{\"@type\":\"ListItem\",\"position\":2,\"name\":\"7 d\u00f4vodov pre\u010do nie je rozvod lep\u0161\u00ed ne\u017e n\u00e1v\u0161teva odborn\u00edka\"}]},{\"@type\":\"WebSite\",\"@id\":\"https:\/\/www.adamek-edu.sk\/#website\",\"url\":\"https:\/\/www.adamek-edu.sk\/\",\"name\":\"Mgr. Ivan Ad\u00e1mek\",\"description\":\"Man\u017eelsk\u00e1, p\u00e1rov\u00e1 a individu\u00e1lna porad\u0148a\",\"publisher\":{\"@id\":\"https:\/\/www.adamek-edu.sk\/#organization\"},\"potentialAction\":[{\"@type\":\"SearchAction\",\"target\":{\"@type\":\"EntryPoint\",\"urlTemplate\":\"https:\/\/www.adamek-edu.sk\/?s={search_term_string}\"},\"query-input\":{\"@type\":\"PropertyValueSpecification\",\"valueRequired\":true,\"valueName\":\"search_term_string\"}}],\"inLanguage\":\"sk-SK\"},{\"@type\":\"Organization\",\"@id\":\"https:\/\/www.adamek-edu.sk\/#organization\",\"name\":\"Mgr. Ivan Ad\u00e1mek\",\"url\":\"https:\/\/www.adamek-edu.sk\/\",\"logo\":{\"@type\":\"ImageObject\",\"inLanguage\":\"sk-SK\",\"@id\":\"https:\/\/www.adamek-edu.sk\/#\/schema\/logo\/image\/\",\"url\":\"https:\/\/www.adamek-edu.sk\/wp-content\/uploads\/2026\/02\/cropped-logo1.png\",\"contentUrl\":\"https:\/\/www.adamek-edu.sk\/wp-content\/uploads\/2026\/02\/cropped-logo1.png\",\"width\":290,\"height\":248,\"caption\":\"Mgr. Ivan Ad\u00e1mek\"},\"image\":{\"@id\":\"https:\/\/www.adamek-edu.sk\/#\/schema\/logo\/image\/\"},\"sameAs\":[\"https:\/\/www.facebook.com\/Man\u017eelsk\u00fd-poradca-Mgr-Ivan-Ad\u00e1mek-245208902698654\"]}]}<\/script>\n<!-- \/ Yoast SEO plugin. -->","yoast_head_json":{"title":"7 d\u00f4vodov pre\u010do nie je rozvod lep\u0161\u00ed ne\u017e n\u00e1v\u0161teva odborn\u00edka - Mgr. Ivan Ad\u00e1mek","robots":{"index":"index","follow":"follow","max-snippet":"max-snippet:-1","max-image-preview":"max-image-preview:large","max-video-preview":"max-video-preview:-1"},"canonical":"https:\/\/www.adamek-edu.sk\/?page_id=370","og_locale":"sk_SK","og_type":"article","og_title":"7 d\u00f4vodov pre\u010do nie je rozvod lep\u0161\u00ed ne\u017e n\u00e1v\u0161teva odborn\u00edka - Mgr. Ivan Ad\u00e1mek","og_description":"Ak zva\u017eujete rozvod tieto veci rozhodne bud\u00fa st\u00e1\u0165 za zv\u00e1\u017eenie. Pre\u010do je lep\u0161ie z\u00e1js\u0165 si po odborn\u00fa radu ne\u017e sa rozvies\u0165 bez toho, aby ste si mohli poveda\u0165, \u017ee ste naozaj urobili v\u0161etko? 1.\u00a0Rozvodom trpia deti Predrozvodov\u00e9 \u0161t\u00e1dia man\u017eelstva zna\u010dne negat\u00edvne ovplyv\u0148uj\u00fa\u00a0psychick\u00fd v\u00fdvin det\u00ed. Nap\u00e4tie v dom\u00e1cnosti, nevra\u017eivos\u0165 a navz\u00e1jom si\u00a0ubli\u017euj\u00faci rodi\u010dia vytv\u00e1raj\u00fa disharmonick\u00fa rodinu a atmosf\u00e9ru doma. M\u00f4\u017eete po sebe kri\u010da\u0165 cel\u00e9 dni pred de\u0165mi, alebo to pred nimi&hellip;","og_url":"https:\/\/www.adamek-edu.sk\/?page_id=370","og_site_name":"Mgr. Ivan Ad\u00e1mek","article_publisher":"https:\/\/www.facebook.com\/Man%c5%beelsk%c3%bd-poradca-Mgr-Ivan-Ad%c3%a1mek-245208902698654","article_modified_time":"2023-03-13T18:26:36+00:00","twitter_card":"summary_large_image","twitter_misc":{"Predpokladan\u00fd \u010das \u010d\u00edtania":"10 min\u00fat"},"schema":{"@context":"https:\/\/schema.org","@graph":[{"@type":"WebPage","@id":"https:\/\/www.adamek-edu.sk\/?page_id=370","url":"https:\/\/www.adamek-edu.sk\/?page_id=370","name":"7 d\u00f4vodov pre\u010do nie je rozvod lep\u0161\u00ed ne\u017e n\u00e1v\u0161teva odborn\u00edka - Mgr. Ivan Ad\u00e1mek","isPartOf":{"@id":"https:\/\/www.adamek-edu.sk\/#website"},"datePublished":"2023-03-11T17:33:02+00:00","dateModified":"2023-03-13T18:26:36+00:00","breadcrumb":{"@id":"https:\/\/www.adamek-edu.sk\/?page_id=370#breadcrumb"},"inLanguage":"sk-SK","potentialAction":[{"@type":"ReadAction","target":["https:\/\/www.adamek-edu.sk\/?page_id=370"]}]},{"@type":"BreadcrumbList","@id":"https:\/\/www.adamek-edu.sk\/?page_id=370#breadcrumb","itemListElement":[{"@type":"ListItem","position":1,"name":"Home","item":"https:\/\/www.adamek-edu.sk\/"},{"@type":"ListItem","position":2,"name":"7 d\u00f4vodov pre\u010do nie je rozvod lep\u0161\u00ed ne\u017e n\u00e1v\u0161teva odborn\u00edka"}]},{"@type":"WebSite","@id":"https:\/\/www.adamek-edu.sk\/#website","url":"https:\/\/www.adamek-edu.sk\/","name":"Mgr. Ivan Ad\u00e1mek","description":"Man\u017eelsk\u00e1, p\u00e1rov\u00e1 a individu\u00e1lna porad\u0148a","publisher":{"@id":"https:\/\/www.adamek-edu.sk\/#organization"},"potentialAction":[{"@type":"SearchAction","target":{"@type":"EntryPoint","urlTemplate":"https:\/\/www.adamek-edu.sk\/?s={search_term_string}"},"query-input":{"@type":"PropertyValueSpecification","valueRequired":true,"valueName":"search_term_string"}}],"inLanguage":"sk-SK"},{"@type":"Organization","@id":"https:\/\/www.adamek-edu.sk\/#organization","name":"Mgr. Ivan Ad\u00e1mek","url":"https:\/\/www.adamek-edu.sk\/","logo":{"@type":"ImageObject","inLanguage":"sk-SK","@id":"https:\/\/www.adamek-edu.sk\/#\/schema\/logo\/image\/","url":"https:\/\/www.adamek-edu.sk\/wp-content\/uploads\/2026\/02\/cropped-logo1.png","contentUrl":"https:\/\/www.adamek-edu.sk\/wp-content\/uploads\/2026\/02\/cropped-logo1.png","width":290,"height":248,"caption":"Mgr. Ivan Ad\u00e1mek"},"image":{"@id":"https:\/\/www.adamek-edu.sk\/#\/schema\/logo\/image\/"},"sameAs":["https:\/\/www.facebook.com\/Man\u017eelsk\u00fd-poradca-Mgr-Ivan-Ad\u00e1mek-245208902698654"]}]}},"jetpack_sharing_enabled":true,"_links":{"self":[{"href":"https:\/\/www.adamek-edu.sk\/index.php?rest_route=\/wp\/v2\/pages\/370","targetHints":{"allow":["GET"]}}],"collection":[{"href":"https:\/\/www.adamek-edu.sk\/index.php?rest_route=\/wp\/v2\/pages"}],"about":[{"href":"https:\/\/www.adamek-edu.sk\/index.php?rest_route=\/wp\/v2\/types\/page"}],"author":[{"embeddable":true,"href":"https:\/\/www.adamek-edu.sk\/index.php?rest_route=\/wp\/v2\/users\/2"}],"replies":[{"embeddable":true,"href":"https:\/\/www.adamek-edu.sk\/index.php?rest_route=%2Fwp%2Fv2%2Fcomments&post=370"}],"version-history":[{"count":2,"href":"https:\/\/www.adamek-edu.sk\/index.php?rest_route=\/wp\/v2\/pages\/370\/revisions"}],"predecessor-version":[{"id":464,"href":"https:\/\/www.adamek-edu.sk\/index.php?rest_route=\/wp\/v2\/pages\/370\/revisions\/464"}],"wp:attachment":[{"href":"https:\/\/www.adamek-edu.sk\/index.php?rest_route=%2Fwp%2Fv2%2Fmedia&parent=370"}],"curies":[{"name":"wp","href":"https:\/\/api.w.org\/{rel}","templated":true}]}}