{"id":360,"date":"2023-03-11T18:24:02","date_gmt":"2023-03-11T17:24:02","guid":{"rendered":"https:\/\/www.adamek-edu.sk\/?page_id=360"},"modified":"2023-03-11T18:24:02","modified_gmt":"2023-03-11T17:24:02","slug":"k-comu-by-som-prirovnal-manzelstvo","status":"publish","type":"page","link":"https:\/\/www.adamek-edu.sk\/?page_id=360","title":{"rendered":"K \u010domu by som prirovnal man\u017eelstvo?"},"content":{"rendered":"<p><em>V s\u00fa\u010dasnosti sa stret\u00e1vam s mnoh\u00fdmi probl\u00e9mami, ktor\u00e9 ved\u00fa k rozpadu vz\u0165ahov a man\u017eelstiev. S\u00fa to r\u00f4zne druhy spr\u00e1vania, ktor\u00e9 s\u00fa nezl\u00fa\u010dite\u013en\u00e9 s princ\u00edpmi man\u017eelstva. No v\u0161etko m\u00e1 spolo\u010dn\u00fd menovate\u013e, viete ak\u00fd?<\/em><\/p>\n<p>U\u017e dlho sa zaober\u00e1m t\u00fdm, pre\u010do sa vz\u0165ahy za\u010d\u00ednaj\u00fa rozpada\u0165 a pre\u010do tak ve\u013ea z nich kon\u010d\u00ed pr\u00e1ve rozvodom. Naj\u010dastej\u0161ou odpove\u010fou laika s ktorou sa stret\u00e1vam je &#8220;nie\u010do sa pokazilo&#8221;. Ale \u010do sa pokazilo? Pre\u010do sa to pokazilo? A ur\u010dite sa to pokazilo &#8220;samo&#8221;? Nemalo by to sk\u00f4r znie\u0165, &#8220;my sme nie\u010do pokazili&#8221;? Mo\u017eno prvou chybou je, \u017ee nevieme nies\u0165 zodpovednos\u0165 za n\u00e1sledky n\u00e1\u0161ho konania. Potrebujeme to hodi\u0165 na niekoho alebo na nie\u010do, sk\u00f4r ne\u017e by som si priznal chybu ja. \u017de JA som nie\u010do pokazil, \u017ee MY sme nie\u010do pokazili.\u00a0<strong>Prebratie plnej zodpovednosti za svoje \u010diny a za na\u0161e zlyhania je prv\u00fdm krokom k tomu, aby sme v\u00f4bec mohli nie\u010do opravi\u0165.\u00a0<\/strong>Druh\u00fdm probl\u00e9mom je, \u017ee sme sa nau\u010dili, poviem to tak reklamne &#8220;vymeni\u0165 star\u00e9 za nov\u00e9&#8221;. Jednoducho\u00a0<strong>odnau\u010dili sme sa opravova\u0165 veci.<\/strong> Ak nie\u010do prestane fungova\u0165 jednoducho to treba po pou\u017eit\u00ed, ke\u010f to nefunguje tak ako predt\u00fdm, vyhodi\u0165 a k\u00fapi\u0165 si nov\u00e9.<\/p>\n<p>Tento spotrebn\u00fd a konzumn\u00fd sp\u00f4sob mo\u017eno sa v praxi osved\u010dil v mnoh\u00fdch pr\u00edpadoch. Napr\u00edklad ak m\u00e1te 15 rokov star\u00e9 auto a niekto V\u00e1m na parkovisku prelia\u010di plech, tak ozaj vyjde lacnej\u0161ie k\u00fapi\u0165 nov\u00e9 ako opravi\u0165 to star\u00e9, lebo oprava stoj\u00ed viac ne\u017e je aktu\u00e1lna hodnota auta. Tento syst\u00e9m v\u0161ak pri man\u017eelstve neplat\u00ed. Man\u017eelstvo nie je vec, ktor\u00e1 je ako technika, ktor\u00e1 od v\u00fdroby sa u\u017e len kaz\u00ed, hrdzavie st\u00e1va sa menej a menej spo\u013eahlivou.<\/p>\n<p>Man\u017eelstvo je \u010dosi \u017eiv\u00e9. Nie je to ani ako po\u013en\u00fd kvet, \u017ee ak nezapr\u0161\u00ed tak uschne.\u00a0<strong>Man\u017eelstvo je\u00a0<\/strong><strong>ako dom\u00e1ci kvet, uschne vtedy, ke\u010f sa o\u0148 prestaneme stara\u0165, alebo ak sa o\u0148 star\u00e1me neprimerane.\u00a0<\/strong>Ak sa niekto chce za\u010da\u0165 stara\u0165 o dom\u00e1ci kvet mal by:<br \/>\n1. Pre\u010d\u00edta\u0165 manu\u00e1l, ako sa stara\u0165 o ten kvet, ktor\u00fd chce doma ma\u0165.<br \/>\n2. Mal by zisti\u0165 \u010di na ten kvet nie je alergick\u00fd.<\/p>\n<p>V prvom rade teda, ko\u013eko \u013eud\u00ed \u010d\u00edtalo nejak\u00fa funk\u010dn\u00fa pr\u00edru\u010dku na n\u00e1\u0161ho partnera\/na\u0161u partnerku? Ja ju \u010d\u00edtam ka\u017ed\u00fd de\u0148. Je to t\u00e1 najlep\u0161ia pr\u00edru\u010dka ak\u00fa som kedy mohol \u010d\u00edta\u0165 a je \u0148ou moja man\u017eelka.\u00a0<strong>Ak sa spolu nau\u010d\u00edte rozpr\u00e1va\u0165 o svojich potreb\u00e1ch a pocitoch,\u00a0<\/strong>a ak sa nau\u010d\u00edte\u00a0<strong>SKUTO\u010cNE po\u010d\u00fava\u0165\u00a0<\/strong>jeden druh\u00e9ho,\u00a0<strong>vtedy m\u00e1te najlep\u0161iu pr\u00edru\u010dku na v\u00e1\u0161ho man\u017eela\/va\u0161u man\u017eelku v ruk\u00e1ch.\u00a0<\/strong>Je to nie\u010do na \u010do mo\u017eno nie sme prirodzene zvyknut\u00ed a mo\u017eno je to ve\u013emi n\u00e1ro\u010dn\u00e9 nau\u010di\u0165 sa to pre n\u00e1s samotn\u00fdch, ale je to nevyhnutn\u00fdm predpokladom skuto\u010dne \u0161\u0165astn\u00e9ho man\u017eelstva. Nie je \u017eiadna hanba po\u017eiada\u0165 man\u017eelsk\u00e9ho poradcu o spolo\u010dn\u00e9 sedenie aj za t\u00fdmto \u00fa\u010delom a nau\u010di\u0165 sa \u010d\u00edta\u0165 &#8220;manu\u00e1l na man\u017eela\/man\u017eelku&#8221; s pomocou odborn\u00edka. Je to nielen mimoriadne rozumn\u00e9 a prospe\u0161n\u00e9 pre vz\u0165ah, ale z\u00e1rove\u0148 je to aj invest\u00edcia do v\u00e1\u0161ho vz\u0165ahu, ktorej hodnota sa ned\u00e1 vy\u010d\u00edsli\u0165.<\/p>\n<p>V druhom rade: Ak som na niektor\u00fd kvet vyslovene alergick\u00fd u\u017e teraz, tak ho rozhodne domov kupova\u0165 nebudem aj ke\u010f sa mi p\u00e1\u010di. &#8220;A \u010do ak za\u010dnem by\u0165 na man\u017eelku\/man\u017eela alergick\u00fd\/\u00e1 a\u017e po istom \u010dase?&#8221; Tak ako s\u00fa alergol\u00f3govia, ktor\u00ed sa v kr\u00e1tkom horizonte zameriavaj\u00fa na potl\u00e1\u010danie pr\u00edznakov alegrie a v dlhodobom na ich lie\u010den\u00ed, tak s\u00fa aj man\u017eelsk\u00ed poradcovia, ktor\u00ed by mali vedie\u0165 \u010do je potrebn\u00e9 urobi\u0165, aby ste znova dok\u00e1zali \u00faspe\u0161ne a \u0161\u0165astne spolu fungova\u0165.<\/p>\n<p>Aj ke\u010f som v \u010dl\u00e1nku neodpovedal na ot\u00e1zku z \u00favodu, dal som nieko\u013eko ind\u00edci\u00ed, ktor\u00e9 by v\u00e1s k spr\u00e1vnej odpovedi mohli privies\u0165. Odpove\u010f sa mo\u017eno dozviete v bud\u00facom \u010dl\u00e1nku.<\/p>\n","protected":false},"excerpt":{"rendered":"<p>V s\u00fa\u010dasnosti sa stret\u00e1vam s mnoh\u00fdmi probl\u00e9mami, ktor\u00e9 ved\u00fa k rozpadu vz\u0165ahov a man\u017eelstiev. S\u00fa to r\u00f4zne druhy spr\u00e1vania, ktor\u00e9 s\u00fa nezl\u00fa\u010dite\u013en\u00e9 s princ\u00edpmi man\u017eelstva. No v\u0161etko m\u00e1 spolo\u010dn\u00fd menovate\u013e, viete ak\u00fd? U\u017e dlho sa zaober\u00e1m t\u00fdm, pre\u010do sa vz\u0165ahy za\u010d\u00ednaj\u00fa rozpada\u0165 a pre\u010do tak ve\u013ea z nich kon\u010d\u00ed pr\u00e1ve rozvodom. Naj\u010dastej\u0161ou odpove\u010fou laika s ktorou sa stret\u00e1vam je &#8220;nie\u010do sa pokazilo&#8221;. Ale \u010do sa pokazilo? Pre\u010do sa to pokazilo?&hellip;<\/p>\n","protected":false},"author":2,"featured_media":0,"parent":0,"menu_order":0,"comment_status":"closed","ping_status":"closed","template":"","meta":{"_glsr_average":0,"_glsr_ranking":0,"_glsr_reviews":0,"footnotes":""},"class_list":["post-360","page","type-page","status-publish","hentry"],"yoast_head":"<!-- This site is optimized with the Yoast SEO plugin v26.7 - https:\/\/yoast.com\/wordpress\/plugins\/seo\/ -->\n<title>K \u010domu by som prirovnal man\u017eelstvo? - Mgr. Ivan Ad\u00e1mek<\/title>\n<meta name=\"robots\" content=\"index, follow, max-snippet:-1, max-image-preview:large, max-video-preview:-1\" \/>\n<link rel=\"canonical\" href=\"https:\/\/www.adamek-edu.sk\/?page_id=360\" \/>\n<meta property=\"og:locale\" content=\"sk_SK\" \/>\n<meta property=\"og:type\" content=\"article\" \/>\n<meta property=\"og:title\" content=\"K \u010domu by som prirovnal man\u017eelstvo? - Mgr. Ivan Ad\u00e1mek\" \/>\n<meta property=\"og:description\" content=\"V s\u00fa\u010dasnosti sa stret\u00e1vam s mnoh\u00fdmi probl\u00e9mami, ktor\u00e9 ved\u00fa k rozpadu vz\u0165ahov a man\u017eelstiev. S\u00fa to r\u00f4zne druhy spr\u00e1vania, ktor\u00e9 s\u00fa nezl\u00fa\u010dite\u013en\u00e9 s princ\u00edpmi man\u017eelstva. No v\u0161etko m\u00e1 spolo\u010dn\u00fd menovate\u013e, viete ak\u00fd? U\u017e dlho sa zaober\u00e1m t\u00fdm, pre\u010do sa vz\u0165ahy za\u010d\u00ednaj\u00fa rozpada\u0165 a pre\u010do tak ve\u013ea z nich kon\u010d\u00ed pr\u00e1ve rozvodom. Naj\u010dastej\u0161ou odpove\u010fou laika s ktorou sa stret\u00e1vam je &#8220;nie\u010do sa pokazilo&#8221;. Ale \u010do sa pokazilo? Pre\u010do sa to pokazilo?&hellip;\" \/>\n<meta property=\"og:url\" content=\"https:\/\/www.adamek-edu.sk\/?page_id=360\" \/>\n<meta property=\"og:site_name\" content=\"Mgr. Ivan Ad\u00e1mek\" \/>\n<meta property=\"article:publisher\" content=\"https:\/\/www.facebook.com\/Man%c5%beelsk%c3%bd-poradca-Mgr-Ivan-Ad%c3%a1mek-245208902698654\" \/>\n<meta name=\"twitter:card\" content=\"summary_large_image\" \/>\n<meta name=\"twitter:label1\" content=\"Predpokladan\u00fd \u010das \u010d\u00edtania\" \/>\n\t<meta name=\"twitter:data1\" content=\"4 min\u00faty\" \/>\n<script type=\"application\/ld+json\" class=\"yoast-schema-graph\">{\"@context\":\"https:\/\/schema.org\",\"@graph\":[{\"@type\":\"WebPage\",\"@id\":\"https:\/\/www.adamek-edu.sk\/?page_id=360\",\"url\":\"https:\/\/www.adamek-edu.sk\/?page_id=360\",\"name\":\"K \u010domu by som prirovnal man\u017eelstvo? - Mgr. Ivan Ad\u00e1mek\",\"isPartOf\":{\"@id\":\"https:\/\/www.adamek-edu.sk\/#website\"},\"datePublished\":\"2023-03-11T17:24:02+00:00\",\"breadcrumb\":{\"@id\":\"https:\/\/www.adamek-edu.sk\/?page_id=360#breadcrumb\"},\"inLanguage\":\"sk-SK\",\"potentialAction\":[{\"@type\":\"ReadAction\",\"target\":[\"https:\/\/www.adamek-edu.sk\/?page_id=360\"]}]},{\"@type\":\"BreadcrumbList\",\"@id\":\"https:\/\/www.adamek-edu.sk\/?page_id=360#breadcrumb\",\"itemListElement\":[{\"@type\":\"ListItem\",\"position\":1,\"name\":\"Home\",\"item\":\"https:\/\/www.adamek-edu.sk\/\"},{\"@type\":\"ListItem\",\"position\":2,\"name\":\"K \u010domu by som prirovnal man\u017eelstvo?\"}]},{\"@type\":\"WebSite\",\"@id\":\"https:\/\/www.adamek-edu.sk\/#website\",\"url\":\"https:\/\/www.adamek-edu.sk\/\",\"name\":\"Mgr. Ivan Ad\u00e1mek\",\"description\":\"Man\u017eelsk\u00e1, p\u00e1rov\u00e1 a individu\u00e1lna porad\u0148a\",\"publisher\":{\"@id\":\"https:\/\/www.adamek-edu.sk\/#organization\"},\"potentialAction\":[{\"@type\":\"SearchAction\",\"target\":{\"@type\":\"EntryPoint\",\"urlTemplate\":\"https:\/\/www.adamek-edu.sk\/?s={search_term_string}\"},\"query-input\":{\"@type\":\"PropertyValueSpecification\",\"valueRequired\":true,\"valueName\":\"search_term_string\"}}],\"inLanguage\":\"sk-SK\"},{\"@type\":\"Organization\",\"@id\":\"https:\/\/www.adamek-edu.sk\/#organization\",\"name\":\"Mgr. Ivan Ad\u00e1mek\",\"url\":\"https:\/\/www.adamek-edu.sk\/\",\"logo\":{\"@type\":\"ImageObject\",\"inLanguage\":\"sk-SK\",\"@id\":\"https:\/\/www.adamek-edu.sk\/#\/schema\/logo\/image\/\",\"url\":\"https:\/\/www.adamek-edu.sk\/wp-content\/uploads\/2026\/02\/cropped-logo1.png\",\"contentUrl\":\"https:\/\/www.adamek-edu.sk\/wp-content\/uploads\/2026\/02\/cropped-logo1.png\",\"width\":290,\"height\":248,\"caption\":\"Mgr. Ivan Ad\u00e1mek\"},\"image\":{\"@id\":\"https:\/\/www.adamek-edu.sk\/#\/schema\/logo\/image\/\"},\"sameAs\":[\"https:\/\/www.facebook.com\/Man\u017eelsk\u00fd-poradca-Mgr-Ivan-Ad\u00e1mek-245208902698654\"]}]}<\/script>\n<!-- \/ Yoast SEO plugin. -->","yoast_head_json":{"title":"K \u010domu by som prirovnal man\u017eelstvo? - Mgr. Ivan Ad\u00e1mek","robots":{"index":"index","follow":"follow","max-snippet":"max-snippet:-1","max-image-preview":"max-image-preview:large","max-video-preview":"max-video-preview:-1"},"canonical":"https:\/\/www.adamek-edu.sk\/?page_id=360","og_locale":"sk_SK","og_type":"article","og_title":"K \u010domu by som prirovnal man\u017eelstvo? - Mgr. Ivan Ad\u00e1mek","og_description":"V s\u00fa\u010dasnosti sa stret\u00e1vam s mnoh\u00fdmi probl\u00e9mami, ktor\u00e9 ved\u00fa k rozpadu vz\u0165ahov a man\u017eelstiev. S\u00fa to r\u00f4zne druhy spr\u00e1vania, ktor\u00e9 s\u00fa nezl\u00fa\u010dite\u013en\u00e9 s princ\u00edpmi man\u017eelstva. No v\u0161etko m\u00e1 spolo\u010dn\u00fd menovate\u013e, viete ak\u00fd? U\u017e dlho sa zaober\u00e1m t\u00fdm, pre\u010do sa vz\u0165ahy za\u010d\u00ednaj\u00fa rozpada\u0165 a pre\u010do tak ve\u013ea z nich kon\u010d\u00ed pr\u00e1ve rozvodom. Naj\u010dastej\u0161ou odpove\u010fou laika s ktorou sa stret\u00e1vam je &#8220;nie\u010do sa pokazilo&#8221;. Ale \u010do sa pokazilo? Pre\u010do sa to pokazilo?&hellip;","og_url":"https:\/\/www.adamek-edu.sk\/?page_id=360","og_site_name":"Mgr. Ivan Ad\u00e1mek","article_publisher":"https:\/\/www.facebook.com\/Man%c5%beelsk%c3%bd-poradca-Mgr-Ivan-Ad%c3%a1mek-245208902698654","twitter_card":"summary_large_image","twitter_misc":{"Predpokladan\u00fd \u010das \u010d\u00edtania":"4 min\u00faty"},"schema":{"@context":"https:\/\/schema.org","@graph":[{"@type":"WebPage","@id":"https:\/\/www.adamek-edu.sk\/?page_id=360","url":"https:\/\/www.adamek-edu.sk\/?page_id=360","name":"K \u010domu by som prirovnal man\u017eelstvo? - Mgr. Ivan Ad\u00e1mek","isPartOf":{"@id":"https:\/\/www.adamek-edu.sk\/#website"},"datePublished":"2023-03-11T17:24:02+00:00","breadcrumb":{"@id":"https:\/\/www.adamek-edu.sk\/?page_id=360#breadcrumb"},"inLanguage":"sk-SK","potentialAction":[{"@type":"ReadAction","target":["https:\/\/www.adamek-edu.sk\/?page_id=360"]}]},{"@type":"BreadcrumbList","@id":"https:\/\/www.adamek-edu.sk\/?page_id=360#breadcrumb","itemListElement":[{"@type":"ListItem","position":1,"name":"Home","item":"https:\/\/www.adamek-edu.sk\/"},{"@type":"ListItem","position":2,"name":"K \u010domu by som prirovnal man\u017eelstvo?"}]},{"@type":"WebSite","@id":"https:\/\/www.adamek-edu.sk\/#website","url":"https:\/\/www.adamek-edu.sk\/","name":"Mgr. Ivan Ad\u00e1mek","description":"Man\u017eelsk\u00e1, p\u00e1rov\u00e1 a individu\u00e1lna porad\u0148a","publisher":{"@id":"https:\/\/www.adamek-edu.sk\/#organization"},"potentialAction":[{"@type":"SearchAction","target":{"@type":"EntryPoint","urlTemplate":"https:\/\/www.adamek-edu.sk\/?s={search_term_string}"},"query-input":{"@type":"PropertyValueSpecification","valueRequired":true,"valueName":"search_term_string"}}],"inLanguage":"sk-SK"},{"@type":"Organization","@id":"https:\/\/www.adamek-edu.sk\/#organization","name":"Mgr. Ivan Ad\u00e1mek","url":"https:\/\/www.adamek-edu.sk\/","logo":{"@type":"ImageObject","inLanguage":"sk-SK","@id":"https:\/\/www.adamek-edu.sk\/#\/schema\/logo\/image\/","url":"https:\/\/www.adamek-edu.sk\/wp-content\/uploads\/2026\/02\/cropped-logo1.png","contentUrl":"https:\/\/www.adamek-edu.sk\/wp-content\/uploads\/2026\/02\/cropped-logo1.png","width":290,"height":248,"caption":"Mgr. Ivan Ad\u00e1mek"},"image":{"@id":"https:\/\/www.adamek-edu.sk\/#\/schema\/logo\/image\/"},"sameAs":["https:\/\/www.facebook.com\/Man\u017eelsk\u00fd-poradca-Mgr-Ivan-Ad\u00e1mek-245208902698654"]}]}},"jetpack_sharing_enabled":true,"_links":{"self":[{"href":"https:\/\/www.adamek-edu.sk\/index.php?rest_route=\/wp\/v2\/pages\/360","targetHints":{"allow":["GET"]}}],"collection":[{"href":"https:\/\/www.adamek-edu.sk\/index.php?rest_route=\/wp\/v2\/pages"}],"about":[{"href":"https:\/\/www.adamek-edu.sk\/index.php?rest_route=\/wp\/v2\/types\/page"}],"author":[{"embeddable":true,"href":"https:\/\/www.adamek-edu.sk\/index.php?rest_route=\/wp\/v2\/users\/2"}],"replies":[{"embeddable":true,"href":"https:\/\/www.adamek-edu.sk\/index.php?rest_route=%2Fwp%2Fv2%2Fcomments&post=360"}],"version-history":[{"count":1,"href":"https:\/\/www.adamek-edu.sk\/index.php?rest_route=\/wp\/v2\/pages\/360\/revisions"}],"predecessor-version":[{"id":362,"href":"https:\/\/www.adamek-edu.sk\/index.php?rest_route=\/wp\/v2\/pages\/360\/revisions\/362"}],"wp:attachment":[{"href":"https:\/\/www.adamek-edu.sk\/index.php?rest_route=%2Fwp%2Fv2%2Fmedia&parent=360"}],"curies":[{"name":"wp","href":"https:\/\/api.w.org\/{rel}","templated":true}]}}