{"id":359,"date":"2023-03-11T18:22:21","date_gmt":"2023-03-11T17:22:21","guid":{"rendered":"https:\/\/www.adamek-edu.sk\/?page_id=359"},"modified":"2023-03-23T12:24:12","modified_gmt":"2023-03-23T11:24:12","slug":"blog","status":"publish","type":"page","link":"https:\/\/www.adamek-edu.sk\/?page_id=359","title":{"rendered":"Blog"},"content":{"rendered":"<p><a href=\"https:\/\/www.adamek-edu.sk\/?page_id=368\"><strong>Kedy je najlep\u0161\u00ed \u010das vysk\u00fa\u0161a\u0165 man\u017eelsk\u00fa porad\u0148u?<\/strong><\/a><\/p>\n<p>\u010casto dost\u00e1vam ot\u00e1zku, kedy je ten spr\u00e1vny \u010das nav\u0161t\u00edvi\u0165 man\u017eelsk\u00fa porad\u0148u. Ke\u010f m\u00e1me kr\u00edzu a trv\u00e1 mesiac, alebo rok?<\/p>\n<hr \/>\n<p><a href=\"https:\/\/www.adamek-edu.sk\/?page_id=366\"><strong>10 tipov ako presved\u010di\u0165 partnera\/partnerku, aby sk\u00fasili man\u017eelsk\u00e9 poradenstvo<\/strong><\/a><\/p>\n<p>Vo svojej praxi sa \u010dasto stret\u00e1vam s probl\u00e9mom, \u017ee iba jeden z partnerov je ochotn\u00fd rie\u0161i\u0165 man\u017eelsk\u00e9 probl\u00e9my v man\u017eelskej poradni. Pre\u010d\u00edtajte si zop\u00e1r tipov ako presved\u010di\u0165 partnera, aby to sk\u00fasil.<\/p>\n<hr \/>\n<p><a href=\"https:\/\/www.adamek-edu.sk\/?page_id=370\"><strong>7 d\u00f4vodov pre\u010do nie je rozvod lep\u0161\u00ed ne\u017e n\u00e1v\u0161teva odborn\u00edka<\/strong><\/a><\/p>\n<p>Ak zva\u017eujete rozvod tieto veci rozhodne bud\u00fa st\u00e1\u0165 za zv\u00e1\u017eenie. Pre\u010do je lep\u0161ie z\u00e1js\u0165 si po odborn\u00fa radu ne\u017e sa rozvies\u0165 bez<\/p>\n<hr \/>\n<p><a href=\"https:\/\/www.adamek-edu.sk\/?page_id=360\"><strong>K \u010domu by som prirovnal man\u017eelstvo?<\/strong><\/a><\/p>\n<p>V s\u00fa\u010dasnosti sa stret\u00e1vam s mnoh\u00fdmi probl\u00e9mami, ktor\u00e9 ved\u00fa k rozpadu vz\u0165ahov a man\u017eelstiev. S\u00fa to r\u00f4zne druhy spr\u00e1vania, ktor\u00e9 s\u00fa nezl\u00fa\u010dite\u013en\u00e9 s princ\u00edpmi man\u017eelstva. No v\u0161etko m\u00e1 spolo\u010dn\u00fd menovate\u013e, viete ak\u00fd?<\/p>\n<hr \/>\n<p><a href=\"https:\/\/www.adamek-edu.sk\/?page_id=364\"><strong>K \u010domu by som prirovnal man\u017eelstvo? (2. \u010das\u0165)<\/strong><\/a><\/p>\n<p>Pokra\u010dovanie \u010dl\u00e1nku K \u010domu by som prirovnal man\u017eelstvo. Uh\u00e1dli ste odpove\u010f na ot\u00e1zku z prvej \u010dasti \u010dl\u00e1nku? \u010co je naj\u010dastej\u0161ou pr\u00ed\u010dinou rozchodov a rozvodov? Odpove\u010f n\u00e1jdete v \u010dl\u00e1nku<\/p>\n<hr \/>\n<p><strong><a href=\"https:\/\/www.adamek-edu.sk\/?page_id=499\">7 d\u00f4vodov pre\u010do som man\u017eelsk\u00fdm poradcom<\/a><\/strong><\/p>\n<p>Pre\u010do rob\u00edm pr\u00e1cu, ktor\u00fa rob\u00edm? Tu n\u00e1jdete 7 d\u00f4vodov, ktor\u00e9 ma k tomu ved\u00fa.<\/p>\n","protected":false},"excerpt":{"rendered":"<p>Kedy je najlep\u0161\u00ed \u010das vysk\u00fa\u0161a\u0165 man\u017eelsk\u00fa porad\u0148u? \u010casto dost\u00e1vam ot\u00e1zku, kedy je ten spr\u00e1vny \u010das nav\u0161t\u00edvi\u0165 man\u017eelsk\u00fa porad\u0148u. Ke\u010f m\u00e1me kr\u00edzu a trv\u00e1 mesiac, alebo rok? 10 tipov ako presved\u010di\u0165 partnera\/partnerku, aby sk\u00fasili man\u017eelsk\u00e9 poradenstvo Vo svojej praxi sa \u010dasto stret\u00e1vam s probl\u00e9mom, \u017ee iba jeden z partnerov je ochotn\u00fd rie\u0161i\u0165 man\u017eelsk\u00e9 probl\u00e9my v man\u017eelskej poradni. Pre\u010d\u00edtajte si zop\u00e1r tipov ako presved\u010di\u0165 partnera, aby to sk\u00fasil. 7 d\u00f4vodov pre\u010do nie&hellip;<\/p>\n","protected":false},"author":2,"featured_media":0,"parent":0,"menu_order":0,"comment_status":"closed","ping_status":"closed","template":"","meta":{"_glsr_average":0,"_glsr_ranking":0,"_glsr_reviews":0,"footnotes":""},"class_list":["post-359","page","type-page","status-publish","hentry"],"yoast_head":"<!-- This site is optimized with the Yoast SEO plugin v26.7 - https:\/\/yoast.com\/wordpress\/plugins\/seo\/ -->\n<title>Blog - Mgr. Ivan Ad\u00e1mek<\/title>\n<meta name=\"robots\" content=\"index, follow, max-snippet:-1, max-image-preview:large, max-video-preview:-1\" \/>\n<link rel=\"canonical\" href=\"https:\/\/www.adamek-edu.sk\/?page_id=359\" \/>\n<meta property=\"og:locale\" content=\"sk_SK\" \/>\n<meta property=\"og:type\" content=\"article\" \/>\n<meta property=\"og:title\" content=\"Blog - Mgr. Ivan Ad\u00e1mek\" \/>\n<meta property=\"og:description\" content=\"Kedy je najlep\u0161\u00ed \u010das vysk\u00fa\u0161a\u0165 man\u017eelsk\u00fa porad\u0148u? \u010casto dost\u00e1vam ot\u00e1zku, kedy je ten spr\u00e1vny \u010das nav\u0161t\u00edvi\u0165 man\u017eelsk\u00fa porad\u0148u. Ke\u010f m\u00e1me kr\u00edzu a trv\u00e1 mesiac, alebo rok? 10 tipov ako presved\u010di\u0165 partnera\/partnerku, aby sk\u00fasili man\u017eelsk\u00e9 poradenstvo Vo svojej praxi sa \u010dasto stret\u00e1vam s probl\u00e9mom, \u017ee iba jeden z partnerov je ochotn\u00fd rie\u0161i\u0165 man\u017eelsk\u00e9 probl\u00e9my v man\u017eelskej poradni. Pre\u010d\u00edtajte si zop\u00e1r tipov ako presved\u010di\u0165 partnera, aby to sk\u00fasil. 7 d\u00f4vodov pre\u010do nie&hellip;\" \/>\n<meta property=\"og:url\" content=\"https:\/\/www.adamek-edu.sk\/?page_id=359\" \/>\n<meta property=\"og:site_name\" content=\"Mgr. Ivan Ad\u00e1mek\" \/>\n<meta property=\"article:publisher\" content=\"https:\/\/www.facebook.com\/Man%c5%beelsk%c3%bd-poradca-Mgr-Ivan-Ad%c3%a1mek-245208902698654\" \/>\n<meta property=\"article:modified_time\" content=\"2023-03-23T11:24:12+00:00\" \/>\n<meta name=\"twitter:card\" content=\"summary_large_image\" \/>\n<meta name=\"twitter:label1\" content=\"Predpokladan\u00fd \u010das \u010d\u00edtania\" \/>\n\t<meta name=\"twitter:data1\" content=\"2 min\u00faty\" \/>\n<script type=\"application\/ld+json\" class=\"yoast-schema-graph\">{\"@context\":\"https:\/\/schema.org\",\"@graph\":[{\"@type\":\"WebPage\",\"@id\":\"https:\/\/www.adamek-edu.sk\/?page_id=359\",\"url\":\"https:\/\/www.adamek-edu.sk\/?page_id=359\",\"name\":\"Blog - Mgr. Ivan Ad\u00e1mek\",\"isPartOf\":{\"@id\":\"https:\/\/www.adamek-edu.sk\/#website\"},\"datePublished\":\"2023-03-11T17:22:21+00:00\",\"dateModified\":\"2023-03-23T11:24:12+00:00\",\"breadcrumb\":{\"@id\":\"https:\/\/www.adamek-edu.sk\/?page_id=359#breadcrumb\"},\"inLanguage\":\"sk-SK\",\"potentialAction\":[{\"@type\":\"ReadAction\",\"target\":[\"https:\/\/www.adamek-edu.sk\/?page_id=359\"]}]},{\"@type\":\"BreadcrumbList\",\"@id\":\"https:\/\/www.adamek-edu.sk\/?page_id=359#breadcrumb\",\"itemListElement\":[{\"@type\":\"ListItem\",\"position\":1,\"name\":\"Home\",\"item\":\"https:\/\/www.adamek-edu.sk\/\"},{\"@type\":\"ListItem\",\"position\":2,\"name\":\"Blog\"}]},{\"@type\":\"WebSite\",\"@id\":\"https:\/\/www.adamek-edu.sk\/#website\",\"url\":\"https:\/\/www.adamek-edu.sk\/\",\"name\":\"Mgr. Ivan Ad\u00e1mek\",\"description\":\"Man\u017eelsk\u00e1, p\u00e1rov\u00e1 a individu\u00e1lna porad\u0148a\",\"publisher\":{\"@id\":\"https:\/\/www.adamek-edu.sk\/#organization\"},\"potentialAction\":[{\"@type\":\"SearchAction\",\"target\":{\"@type\":\"EntryPoint\",\"urlTemplate\":\"https:\/\/www.adamek-edu.sk\/?s={search_term_string}\"},\"query-input\":{\"@type\":\"PropertyValueSpecification\",\"valueRequired\":true,\"valueName\":\"search_term_string\"}}],\"inLanguage\":\"sk-SK\"},{\"@type\":\"Organization\",\"@id\":\"https:\/\/www.adamek-edu.sk\/#organization\",\"name\":\"Mgr. Ivan Ad\u00e1mek\",\"url\":\"https:\/\/www.adamek-edu.sk\/\",\"logo\":{\"@type\":\"ImageObject\",\"inLanguage\":\"sk-SK\",\"@id\":\"https:\/\/www.adamek-edu.sk\/#\/schema\/logo\/image\/\",\"url\":\"https:\/\/www.adamek-edu.sk\/wp-content\/uploads\/2026\/02\/cropped-logo1.png\",\"contentUrl\":\"https:\/\/www.adamek-edu.sk\/wp-content\/uploads\/2026\/02\/cropped-logo1.png\",\"width\":290,\"height\":248,\"caption\":\"Mgr. Ivan Ad\u00e1mek\"},\"image\":{\"@id\":\"https:\/\/www.adamek-edu.sk\/#\/schema\/logo\/image\/\"},\"sameAs\":[\"https:\/\/www.facebook.com\/Man\u017eelsk\u00fd-poradca-Mgr-Ivan-Ad\u00e1mek-245208902698654\"]}]}<\/script>\n<!-- \/ Yoast SEO plugin. -->","yoast_head_json":{"title":"Blog - Mgr. Ivan Ad\u00e1mek","robots":{"index":"index","follow":"follow","max-snippet":"max-snippet:-1","max-image-preview":"max-image-preview:large","max-video-preview":"max-video-preview:-1"},"canonical":"https:\/\/www.adamek-edu.sk\/?page_id=359","og_locale":"sk_SK","og_type":"article","og_title":"Blog - Mgr. Ivan Ad\u00e1mek","og_description":"Kedy je najlep\u0161\u00ed \u010das vysk\u00fa\u0161a\u0165 man\u017eelsk\u00fa porad\u0148u? \u010casto dost\u00e1vam ot\u00e1zku, kedy je ten spr\u00e1vny \u010das nav\u0161t\u00edvi\u0165 man\u017eelsk\u00fa porad\u0148u. Ke\u010f m\u00e1me kr\u00edzu a trv\u00e1 mesiac, alebo rok? 10 tipov ako presved\u010di\u0165 partnera\/partnerku, aby sk\u00fasili man\u017eelsk\u00e9 poradenstvo Vo svojej praxi sa \u010dasto stret\u00e1vam s probl\u00e9mom, \u017ee iba jeden z partnerov je ochotn\u00fd rie\u0161i\u0165 man\u017eelsk\u00e9 probl\u00e9my v man\u017eelskej poradni. Pre\u010d\u00edtajte si zop\u00e1r tipov ako presved\u010di\u0165 partnera, aby to sk\u00fasil. 7 d\u00f4vodov pre\u010do nie&hellip;","og_url":"https:\/\/www.adamek-edu.sk\/?page_id=359","og_site_name":"Mgr. Ivan Ad\u00e1mek","article_publisher":"https:\/\/www.facebook.com\/Man%c5%beelsk%c3%bd-poradca-Mgr-Ivan-Ad%c3%a1mek-245208902698654","article_modified_time":"2023-03-23T11:24:12+00:00","twitter_card":"summary_large_image","twitter_misc":{"Predpokladan\u00fd \u010das \u010d\u00edtania":"2 min\u00faty"},"schema":{"@context":"https:\/\/schema.org","@graph":[{"@type":"WebPage","@id":"https:\/\/www.adamek-edu.sk\/?page_id=359","url":"https:\/\/www.adamek-edu.sk\/?page_id=359","name":"Blog - Mgr. Ivan Ad\u00e1mek","isPartOf":{"@id":"https:\/\/www.adamek-edu.sk\/#website"},"datePublished":"2023-03-11T17:22:21+00:00","dateModified":"2023-03-23T11:24:12+00:00","breadcrumb":{"@id":"https:\/\/www.adamek-edu.sk\/?page_id=359#breadcrumb"},"inLanguage":"sk-SK","potentialAction":[{"@type":"ReadAction","target":["https:\/\/www.adamek-edu.sk\/?page_id=359"]}]},{"@type":"BreadcrumbList","@id":"https:\/\/www.adamek-edu.sk\/?page_id=359#breadcrumb","itemListElement":[{"@type":"ListItem","position":1,"name":"Home","item":"https:\/\/www.adamek-edu.sk\/"},{"@type":"ListItem","position":2,"name":"Blog"}]},{"@type":"WebSite","@id":"https:\/\/www.adamek-edu.sk\/#website","url":"https:\/\/www.adamek-edu.sk\/","name":"Mgr. Ivan Ad\u00e1mek","description":"Man\u017eelsk\u00e1, p\u00e1rov\u00e1 a individu\u00e1lna porad\u0148a","publisher":{"@id":"https:\/\/www.adamek-edu.sk\/#organization"},"potentialAction":[{"@type":"SearchAction","target":{"@type":"EntryPoint","urlTemplate":"https:\/\/www.adamek-edu.sk\/?s={search_term_string}"},"query-input":{"@type":"PropertyValueSpecification","valueRequired":true,"valueName":"search_term_string"}}],"inLanguage":"sk-SK"},{"@type":"Organization","@id":"https:\/\/www.adamek-edu.sk\/#organization","name":"Mgr. Ivan Ad\u00e1mek","url":"https:\/\/www.adamek-edu.sk\/","logo":{"@type":"ImageObject","inLanguage":"sk-SK","@id":"https:\/\/www.adamek-edu.sk\/#\/schema\/logo\/image\/","url":"https:\/\/www.adamek-edu.sk\/wp-content\/uploads\/2026\/02\/cropped-logo1.png","contentUrl":"https:\/\/www.adamek-edu.sk\/wp-content\/uploads\/2026\/02\/cropped-logo1.png","width":290,"height":248,"caption":"Mgr. Ivan Ad\u00e1mek"},"image":{"@id":"https:\/\/www.adamek-edu.sk\/#\/schema\/logo\/image\/"},"sameAs":["https:\/\/www.facebook.com\/Man\u017eelsk\u00fd-poradca-Mgr-Ivan-Ad\u00e1mek-245208902698654"]}]}},"jetpack_sharing_enabled":true,"_links":{"self":[{"href":"https:\/\/www.adamek-edu.sk\/index.php?rest_route=\/wp\/v2\/pages\/359","targetHints":{"allow":["GET"]}}],"collection":[{"href":"https:\/\/www.adamek-edu.sk\/index.php?rest_route=\/wp\/v2\/pages"}],"about":[{"href":"https:\/\/www.adamek-edu.sk\/index.php?rest_route=\/wp\/v2\/types\/page"}],"author":[{"embeddable":true,"href":"https:\/\/www.adamek-edu.sk\/index.php?rest_route=\/wp\/v2\/users\/2"}],"replies":[{"embeddable":true,"href":"https:\/\/www.adamek-edu.sk\/index.php?rest_route=%2Fwp%2Fv2%2Fcomments&post=359"}],"version-history":[{"count":9,"href":"https:\/\/www.adamek-edu.sk\/index.php?rest_route=\/wp\/v2\/pages\/359\/revisions"}],"predecessor-version":[{"id":502,"href":"https:\/\/www.adamek-edu.sk\/index.php?rest_route=\/wp\/v2\/pages\/359\/revisions\/502"}],"wp:attachment":[{"href":"https:\/\/www.adamek-edu.sk\/index.php?rest_route=%2Fwp%2Fv2%2Fmedia&parent=359"}],"curies":[{"name":"wp","href":"https:\/\/api.w.org\/{rel}","templated":true}]}}