{"id":230,"date":"2022-09-20T15:31:48","date_gmt":"2022-09-20T14:31:48","guid":{"rendered":"https:\/\/www.adamek-edu.sk\/?page_id=230"},"modified":"2024-03-18T14:13:29","modified_gmt":"2024-03-18T13:13:29","slug":"manzelske-poradenstvo","status":"publish","type":"page","link":"https:\/\/www.adamek-edu.sk\/?page_id=230","title":{"rendered":"Man\u017eelsk\u00e9 poradenstvo"},"content":{"rendered":"<blockquote>\n<hr \/>\n<p><strong>\u201e\u017dena nech sa usiluje o to, aby sa jej man\u017eel r\u00e1d vracal domov, mu\u017e zase o to, aby jej bolo \u013e\u00fato, ke\u010f ho vid\u00ed odch\u00e1dza\u0165.\u201c Martin Luther<\/strong><\/p>\n<hr \/>\n<\/blockquote>\n<p>Man\u017eelsk\u00e9 poradenstvo je skvel\u00fd sp\u00f4sob ako pom\u00f4c\u0165 v\u00e1\u0161mu vz\u0165ahu v \u010dasoch kr\u00edz, stereotypu a nudy.<\/p>\n<ul>\n<li>Je to pr\u00e1ve kr\u00edza, ktor\u00e1 m\u00f4\u017ee rozbi\u0165 v\u00e1\u0161 vz\u0165ah, ke\u010f ju spolo\u010dne nevyrie\u0161ite a neprekon\u00e1te.<\/li>\n<li>Je to pr\u00e1ve stereotyp, ktor\u00fd zab\u00edja v\u00e1\u0161e\u0148 vo vz\u0165ahu.<\/li>\n<li>Je to pr\u00e1ve nuda, ktor\u00e1 napom\u00e1ha va\u0161im bl\u00fadiv\u00fdm my\u0161lienkam s ich realiz\u00e1ciou.<\/li>\n<\/ul>\n<p>Nenechajte, aby tieto veci v\u00e1\u0161 vz\u0165ah zni\u010dili alebo trvalo po\u0161kodili. Dohodnite si term\u00edn a zabr\u00e1\u0148te tomu, aby sa to nestalo\/neopakovalo.<\/p>\n<hr \/>\n<blockquote><p><strong>\u201eBez l\u00e1sky je \u017eivot pr\u00e1zdny.\u201c<\/strong><\/p>\n<hr \/>\n<\/blockquote>\n<p>Naj\u010dastej\u0161ie rie\u0161im probl\u00e9my v oblastiach:<\/p>\n<ul>\n<li>Nec\u00edtim sa by\u0165 milovan\u00e1\/milovan\u00fd<\/li>\n<li>Komunik\u00e1cia<\/li>\n<li>Uzavretos\u0165<\/li>\n<li>Nerozumieme si<\/li>\n<li>H\u00e1dame sa<\/li>\n<li>Tretia osoba n\u00e1m zasahuje do vz\u0165ahu<\/li>\n<li>Intimita<\/li>\n<li>Neuspokojenie<\/li>\n<li>Nevera (psychick\u00e1 aj fyzick\u00e1)<\/li>\n<li>Sexualita a \u010dast\u00e9 poruchy psychologick\u00e9ho p\u00f4vodu<\/li>\n<li>Preferuje masturb\u00e1ciu pred sexom so mnou<\/li>\n<li>\u017diarlivos\u0165<\/li>\n<\/ul>\n","protected":false},"excerpt":{"rendered":"<p>\u201e\u017dena nech sa usiluje o to, aby sa jej man\u017eel r\u00e1d vracal domov, mu\u017e zase o to, aby jej bolo \u013e\u00fato, ke\u010f ho vid\u00ed odch\u00e1dza\u0165.\u201c Martin Luther Man\u017eelsk\u00e9 poradenstvo je skvel\u00fd sp\u00f4sob ako pom\u00f4c\u0165 v\u00e1\u0161mu vz\u0165ahu v \u010dasoch kr\u00edz, stereotypu a nudy. Je to pr\u00e1ve kr\u00edza, ktor\u00e1 m\u00f4\u017ee rozbi\u0165 v\u00e1\u0161 vz\u0165ah, ke\u010f ju spolo\u010dne nevyrie\u0161ite a neprekon\u00e1te. Je to pr\u00e1ve stereotyp, ktor\u00fd zab\u00edja v\u00e1\u0161e\u0148 vo vz\u0165ahu. Je to pr\u00e1ve nuda,&hellip;<\/p>\n","protected":false},"author":2,"featured_media":0,"parent":0,"menu_order":0,"comment_status":"closed","ping_status":"closed","template":"","meta":{"_glsr_average":0,"_glsr_ranking":0,"_glsr_reviews":0,"footnotes":""},"class_list":["post-230","page","type-page","status-publish","hentry"],"yoast_head":"<!-- This site is optimized with the Yoast SEO plugin v26.7 - https:\/\/yoast.com\/wordpress\/plugins\/seo\/ -->\n<title>Man\u017eelsk\u00e9 poradenstvo - Mgr. Ivan Ad\u00e1mek<\/title>\n<meta name=\"robots\" content=\"index, follow, max-snippet:-1, max-image-preview:large, max-video-preview:-1\" \/>\n<link rel=\"canonical\" href=\"https:\/\/www.adamek-edu.sk\/?page_id=230\" \/>\n<meta property=\"og:locale\" content=\"sk_SK\" \/>\n<meta property=\"og:type\" content=\"article\" \/>\n<meta property=\"og:title\" content=\"Man\u017eelsk\u00e9 poradenstvo - Mgr. Ivan Ad\u00e1mek\" \/>\n<meta property=\"og:description\" content=\"\u201e\u017dena nech sa usiluje o to, aby sa jej man\u017eel r\u00e1d vracal domov, mu\u017e zase o to, aby jej bolo \u013e\u00fato, ke\u010f ho vid\u00ed odch\u00e1dza\u0165.\u201c Martin Luther Man\u017eelsk\u00e9 poradenstvo je skvel\u00fd sp\u00f4sob ako pom\u00f4c\u0165 v\u00e1\u0161mu vz\u0165ahu v \u010dasoch kr\u00edz, stereotypu a nudy. Je to pr\u00e1ve kr\u00edza, ktor\u00e1 m\u00f4\u017ee rozbi\u0165 v\u00e1\u0161 vz\u0165ah, ke\u010f ju spolo\u010dne nevyrie\u0161ite a neprekon\u00e1te. Je to pr\u00e1ve stereotyp, ktor\u00fd zab\u00edja v\u00e1\u0161e\u0148 vo vz\u0165ahu. Je to pr\u00e1ve nuda,&hellip;\" \/>\n<meta property=\"og:url\" content=\"https:\/\/www.adamek-edu.sk\/?page_id=230\" \/>\n<meta property=\"og:site_name\" content=\"Mgr. Ivan Ad\u00e1mek\" \/>\n<meta property=\"article:publisher\" content=\"https:\/\/www.facebook.com\/Man%c5%beelsk%c3%bd-poradca-Mgr-Ivan-Ad%c3%a1mek-245208902698654\" \/>\n<meta property=\"article:modified_time\" content=\"2024-03-18T13:13:29+00:00\" \/>\n<meta name=\"twitter:card\" content=\"summary_large_image\" \/>\n<meta name=\"twitter:label1\" content=\"Predpokladan\u00fd \u010das \u010d\u00edtania\" \/>\n\t<meta name=\"twitter:data1\" content=\"1 min\u00fata\" \/>\n<script type=\"application\/ld+json\" class=\"yoast-schema-graph\">{\"@context\":\"https:\/\/schema.org\",\"@graph\":[{\"@type\":\"WebPage\",\"@id\":\"https:\/\/www.adamek-edu.sk\/?page_id=230\",\"url\":\"https:\/\/www.adamek-edu.sk\/?page_id=230\",\"name\":\"Man\u017eelsk\u00e9 poradenstvo - Mgr. Ivan Ad\u00e1mek\",\"isPartOf\":{\"@id\":\"https:\/\/www.adamek-edu.sk\/#website\"},\"datePublished\":\"2022-09-20T14:31:48+00:00\",\"dateModified\":\"2024-03-18T13:13:29+00:00\",\"breadcrumb\":{\"@id\":\"https:\/\/www.adamek-edu.sk\/?page_id=230#breadcrumb\"},\"inLanguage\":\"sk-SK\",\"potentialAction\":[{\"@type\":\"ReadAction\",\"target\":[\"https:\/\/www.adamek-edu.sk\/?page_id=230\"]}]},{\"@type\":\"BreadcrumbList\",\"@id\":\"https:\/\/www.adamek-edu.sk\/?page_id=230#breadcrumb\",\"itemListElement\":[{\"@type\":\"ListItem\",\"position\":1,\"name\":\"Home\",\"item\":\"https:\/\/www.adamek-edu.sk\/\"},{\"@type\":\"ListItem\",\"position\":2,\"name\":\"Man\u017eelsk\u00e9 poradenstvo\"}]},{\"@type\":\"WebSite\",\"@id\":\"https:\/\/www.adamek-edu.sk\/#website\",\"url\":\"https:\/\/www.adamek-edu.sk\/\",\"name\":\"Mgr. Ivan Ad\u00e1mek\",\"description\":\"Man\u017eelsk\u00e1, p\u00e1rov\u00e1 a individu\u00e1lna porad\u0148a\",\"publisher\":{\"@id\":\"https:\/\/www.adamek-edu.sk\/#organization\"},\"potentialAction\":[{\"@type\":\"SearchAction\",\"target\":{\"@type\":\"EntryPoint\",\"urlTemplate\":\"https:\/\/www.adamek-edu.sk\/?s={search_term_string}\"},\"query-input\":{\"@type\":\"PropertyValueSpecification\",\"valueRequired\":true,\"valueName\":\"search_term_string\"}}],\"inLanguage\":\"sk-SK\"},{\"@type\":\"Organization\",\"@id\":\"https:\/\/www.adamek-edu.sk\/#organization\",\"name\":\"Mgr. Ivan Ad\u00e1mek\",\"url\":\"https:\/\/www.adamek-edu.sk\/\",\"logo\":{\"@type\":\"ImageObject\",\"inLanguage\":\"sk-SK\",\"@id\":\"https:\/\/www.adamek-edu.sk\/#\/schema\/logo\/image\/\",\"url\":\"https:\/\/www.adamek-edu.sk\/wp-content\/uploads\/2026\/02\/cropped-logo1.png\",\"contentUrl\":\"https:\/\/www.adamek-edu.sk\/wp-content\/uploads\/2026\/02\/cropped-logo1.png\",\"width\":290,\"height\":248,\"caption\":\"Mgr. Ivan Ad\u00e1mek\"},\"image\":{\"@id\":\"https:\/\/www.adamek-edu.sk\/#\/schema\/logo\/image\/\"},\"sameAs\":[\"https:\/\/www.facebook.com\/Man\u017eelsk\u00fd-poradca-Mgr-Ivan-Ad\u00e1mek-245208902698654\"]}]}<\/script>\n<!-- \/ Yoast SEO plugin. -->","yoast_head_json":{"title":"Man\u017eelsk\u00e9 poradenstvo - Mgr. Ivan Ad\u00e1mek","robots":{"index":"index","follow":"follow","max-snippet":"max-snippet:-1","max-image-preview":"max-image-preview:large","max-video-preview":"max-video-preview:-1"},"canonical":"https:\/\/www.adamek-edu.sk\/?page_id=230","og_locale":"sk_SK","og_type":"article","og_title":"Man\u017eelsk\u00e9 poradenstvo - Mgr. Ivan Ad\u00e1mek","og_description":"\u201e\u017dena nech sa usiluje o to, aby sa jej man\u017eel r\u00e1d vracal domov, mu\u017e zase o to, aby jej bolo \u013e\u00fato, ke\u010f ho vid\u00ed odch\u00e1dza\u0165.\u201c Martin Luther Man\u017eelsk\u00e9 poradenstvo je skvel\u00fd sp\u00f4sob ako pom\u00f4c\u0165 v\u00e1\u0161mu vz\u0165ahu v \u010dasoch kr\u00edz, stereotypu a nudy. Je to pr\u00e1ve kr\u00edza, ktor\u00e1 m\u00f4\u017ee rozbi\u0165 v\u00e1\u0161 vz\u0165ah, ke\u010f ju spolo\u010dne nevyrie\u0161ite a neprekon\u00e1te. Je to pr\u00e1ve stereotyp, ktor\u00fd zab\u00edja v\u00e1\u0161e\u0148 vo vz\u0165ahu. Je to pr\u00e1ve nuda,&hellip;","og_url":"https:\/\/www.adamek-edu.sk\/?page_id=230","og_site_name":"Mgr. Ivan Ad\u00e1mek","article_publisher":"https:\/\/www.facebook.com\/Man%c5%beelsk%c3%bd-poradca-Mgr-Ivan-Ad%c3%a1mek-245208902698654","article_modified_time":"2024-03-18T13:13:29+00:00","twitter_card":"summary_large_image","twitter_misc":{"Predpokladan\u00fd \u010das \u010d\u00edtania":"1 min\u00fata"},"schema":{"@context":"https:\/\/schema.org","@graph":[{"@type":"WebPage","@id":"https:\/\/www.adamek-edu.sk\/?page_id=230","url":"https:\/\/www.adamek-edu.sk\/?page_id=230","name":"Man\u017eelsk\u00e9 poradenstvo - Mgr. Ivan Ad\u00e1mek","isPartOf":{"@id":"https:\/\/www.adamek-edu.sk\/#website"},"datePublished":"2022-09-20T14:31:48+00:00","dateModified":"2024-03-18T13:13:29+00:00","breadcrumb":{"@id":"https:\/\/www.adamek-edu.sk\/?page_id=230#breadcrumb"},"inLanguage":"sk-SK","potentialAction":[{"@type":"ReadAction","target":["https:\/\/www.adamek-edu.sk\/?page_id=230"]}]},{"@type":"BreadcrumbList","@id":"https:\/\/www.adamek-edu.sk\/?page_id=230#breadcrumb","itemListElement":[{"@type":"ListItem","position":1,"name":"Home","item":"https:\/\/www.adamek-edu.sk\/"},{"@type":"ListItem","position":2,"name":"Man\u017eelsk\u00e9 poradenstvo"}]},{"@type":"WebSite","@id":"https:\/\/www.adamek-edu.sk\/#website","url":"https:\/\/www.adamek-edu.sk\/","name":"Mgr. Ivan Ad\u00e1mek","description":"Man\u017eelsk\u00e1, p\u00e1rov\u00e1 a individu\u00e1lna porad\u0148a","publisher":{"@id":"https:\/\/www.adamek-edu.sk\/#organization"},"potentialAction":[{"@type":"SearchAction","target":{"@type":"EntryPoint","urlTemplate":"https:\/\/www.adamek-edu.sk\/?s={search_term_string}"},"query-input":{"@type":"PropertyValueSpecification","valueRequired":true,"valueName":"search_term_string"}}],"inLanguage":"sk-SK"},{"@type":"Organization","@id":"https:\/\/www.adamek-edu.sk\/#organization","name":"Mgr. Ivan Ad\u00e1mek","url":"https:\/\/www.adamek-edu.sk\/","logo":{"@type":"ImageObject","inLanguage":"sk-SK","@id":"https:\/\/www.adamek-edu.sk\/#\/schema\/logo\/image\/","url":"https:\/\/www.adamek-edu.sk\/wp-content\/uploads\/2026\/02\/cropped-logo1.png","contentUrl":"https:\/\/www.adamek-edu.sk\/wp-content\/uploads\/2026\/02\/cropped-logo1.png","width":290,"height":248,"caption":"Mgr. Ivan Ad\u00e1mek"},"image":{"@id":"https:\/\/www.adamek-edu.sk\/#\/schema\/logo\/image\/"},"sameAs":["https:\/\/www.facebook.com\/Man\u017eelsk\u00fd-poradca-Mgr-Ivan-Ad\u00e1mek-245208902698654"]}]}},"jetpack_sharing_enabled":true,"_links":{"self":[{"href":"https:\/\/www.adamek-edu.sk\/index.php?rest_route=\/wp\/v2\/pages\/230","targetHints":{"allow":["GET"]}}],"collection":[{"href":"https:\/\/www.adamek-edu.sk\/index.php?rest_route=\/wp\/v2\/pages"}],"about":[{"href":"https:\/\/www.adamek-edu.sk\/index.php?rest_route=\/wp\/v2\/types\/page"}],"author":[{"embeddable":true,"href":"https:\/\/www.adamek-edu.sk\/index.php?rest_route=\/wp\/v2\/users\/2"}],"replies":[{"embeddable":true,"href":"https:\/\/www.adamek-edu.sk\/index.php?rest_route=%2Fwp%2Fv2%2Fcomments&post=230"}],"version-history":[{"count":7,"href":"https:\/\/www.adamek-edu.sk\/index.php?rest_route=\/wp\/v2\/pages\/230\/revisions"}],"predecessor-version":[{"id":819,"href":"https:\/\/www.adamek-edu.sk\/index.php?rest_route=\/wp\/v2\/pages\/230\/revisions\/819"}],"wp:attachment":[{"href":"https:\/\/www.adamek-edu.sk\/index.php?rest_route=%2Fwp%2Fv2%2Fmedia&parent=230"}],"curies":[{"name":"wp","href":"https:\/\/api.w.org\/{rel}","templated":true}]}}